{"id":126,"date":"2019-01-03T21:15:34","date_gmt":"2019-01-03T20:15:34","guid":{"rendered":"http:\/\/www.enkesen.de\/?page_id=126"},"modified":"2019-01-08T17:21:59","modified_gmt":"2019-01-08T16:21:59","slug":"schuetzenverein","status":"publish","type":"page","link":"https:\/\/www.enkesen.de\/?page_id=126","title":{"rendered":"Sch\u00fctzenverein"},"content":{"rendered":"\n<p> Hier geht es zu der <a href=\"http:\/\/www.schuetzenverein-enkesen-paradiese.de\/\">Webseite<\/a> unseres Sch\u00fctzenvereines.<br> F\u00fcr den Inhalt dieser Seite ist allein der Sch\u00fctzenverein verantwortlich.<\/p>\n","protected":false},"excerpt":{"rendered":"<p>Hier geht es zu der Webseite unseres Sch\u00fctzenvereines. F\u00fcr den Inhalt dieser Seite ist allein der Sch\u00fctzenverein verantwortlich.<\/p>\n","protected":false},"author":1,"featured_media":0,"parent":0,"menu_order":0,"comment_status":"closed","ping_status":"closed","template":"template-full-width.php","meta":{"footnotes":""},"class_list":["post-126","page","type-page","status-publish","hentry"],"_links":{"self":[{"href":"https:\/\/www.enkesen.de\/index.php?rest_route=\/wp\/v2\/pages\/126","targetHints":{"allow":["GET"]}}],"collection":[{"href":"https:\/\/www.enkesen.de\/index.php?rest_route=\/wp\/v2\/pages"}],"about":[{"href":"https:\/\/www.enkesen.de\/index.php?rest_route=\/wp\/v2\/types\/page"}],"author":[{"embeddable":true,"href":"https:\/\/www.enkesen.de\/index.php?rest_route=\/wp\/v2\/users\/1"}],"replies":[{"embeddable":true,"href":"https:\/\/www.enkesen.de\/index.php?rest_route=%2Fwp%2Fv2%2Fcomments&post=126"}],"version-history":[{"count":3,"href":"https:\/\/www.enkesen.de\/index.php?rest_route=\/wp\/v2\/pages\/126\/revisions"}],"predecessor-version":[{"id":141,"href":"https:\/\/www.enkesen.de\/index.php?rest_route=\/wp\/v2\/pages\/126\/revisions\/141"}],"wp:attachment":[{"href":"https:\/\/www.enkesen.de\/index.php?rest_route=%2Fwp%2Fv2%2Fmedia&parent=126"}],"curies":[{"name":"wp","href":"https:\/\/api.w.org\/{rel}","templated":true}]}}